to base 5
3
Convert 180 (base 12) to base 3.
22220
146 (base 9) to base 15
83
What is 1011010 (base 2) in base 3?
10100
Convert -133 (base 4) to base 5.
-111
What is -6 (base 9) in base 14?
-6
104 (base 7) to base 8
65
3a (base 16) to base 8
72
Convert 74 (base 8) to base 12.
50
What is -102 (base 5) in base 11?
-25
-134 (base 7) to base 15
-4e
-322 (base 4) to base 15
-3d
What is 0 (base 16) in base 9?
0
Convert 1 (base 15) to base 16.
1
Convert 1110 (base 2) to base 8.
16
Convert 15 (base 7) to base 5.
22
What is 4 (base 16) in base 12?
4
88 (base 12) to base 9
125
What is 103 (base 5) in base 14?
20
Convert 2 (base 5) to base 10.
2
28 (base 15) to base 11
35
What is 43 (base 16) in base 6?
151
8 (base 11) to base 8
10
106 (base 10) to base 13
82
Convert 205 (base 6) to base 16.
4d
-6 (base 8) to base 14
-6
What is 182 (base 13) in base 9?
335
What is -121 (base 3) in base 5?
-31
What is -7d (base 14) in base 16?
-6f
What is 7 (base 16) in base 3?
21
What is -112 (base 6) in base 13?
-35
What is -111 (base 2) in base 12?
-7
What is 10 (base 3) in base 16?
3
Convert 7 (base 12) to base 4.
13
Convert 4 (base 8) to base 3.
11
What is -2 (base 6) in base 5?
-2
What is 12 (base 3) in base 13?
5
Convert -2 (base 12) to base 5.
-2
Convert 2 (base 14) to base 4.
2
-8 (base 15) to base 10
-8
Convert 34 (base 15) to base 4.
301
-2 (base 4) to base 5
-2
What is 346 (base 9) in base 4?
10131
7 (base 8) to base 7
10
-2 (base 13) to base 3
-2
Convert -10112 (base 3) to base 4.
-1133
What is -39 (base 15) in base 6?
-130
-3 (base 15) to base 9
-3
What is -4 (base 13) in base 3?
-11
Convert -32 (base 5) to base 16.
-11
-6 (base 10) to base 7
-6
-10020 (base 3) to base 11
-7a
b (base 14) to base 9
12
26 (base 15) to base 7
51
-141 (base 6) to base 15
-41
49 (base 11) to base 7
104
Convert -63 (base 10) to base 3.
-2100
Convert 2110 (base 3) to base 4.
1002
Convert -43 (base 6) to base 15.
-1c
Convert b (base 14) to base 2.
1011
What is 145 (base 11) in base 14?
c2
Convert 3 (base 13) to base 14.
3
What is -17 (base 12) in base 14?
-15
0 (base 9) to base 8
0
13 (base 7) to base 14
a
What is 10122 (base 3) in base 12?
82
-12 (base 14) to base 9
-17
Convert 11 (base 4) to base 13.
5
What is 12 (base 9) in base 7?
14
Convert 466 (base 8) to base 13.
1ab
Convert 303 (base 11) to base 5.
2431
What is -213 (base 7) in base 10?
-108
8 (base 11) to base 9
8
Convert -102 (base 7) to base 9.
-56
What is 20 (base 7) in base 15?
e
11 (base 3) to base 10
4
Convert 2a (base 15) to base 16.
28
Convert -1111 (base 2) to base 12.
-13
Convert 15 (base 11) to base 10.
16
-6 (base 9) to base 5
-11
4 (base 13) to base 11
4
5 (base 10) to base 14
5
Convert 1000000 (base 2) to base 16.
40
36 (base 12) to base 8
52
What is -38 (base 14) in base 5?
-200
What is -14 (base 11) in base 3?
-120
What is -16 (base 8) in base 7?
-20
Convert 2d (base 14) to base 7.
56
What is -11 (base 11) in base 9?
-13
Convert 66 (base 13) to base 6.
220
Convert 111111 (base 2) to base 13.
4b
What is -c (base 13) in base 4?
-30
Convert 0 (base 14) to base 4.
0
What is 1 (base 15) in base 13?
1
What is -4e (base 15) in base 13?
-59
Convert 110211 (base 3) to base 9.
424
-3 (base 12) to base 11
-3
What is 15 (base 13) in base 6?
30
-1010111 (base 2) to base 12
-73
What is -2 (base 3) in base 7?
-2
Convert -9 (base 12) to base 9.
-10
Convert 0 (base 9) to base 16.
0
2 (base 15) to base 13
2
What is 22 (base 3) in base 4?
20
What is -2d (base 15) in base 5?
-133
Convert -18 (base 12) to base 3.
-202
2111 (base 3) to base 10
67
What is 210 (base 7) in base 4?
1221
What is 62 (base 9) in base 4?
320
Convert 13c (base 13) to base 4.
3130
What is 424 (base 7) in base 3?
21221
-41 (base 11) to base 4
-231
-b (base 13) to base 14
-b
What is 1055 (base 7) in base 13?
236
Convert 20 (base 4) to base 14.
8
1d (base 16) to base 4
131
1101100 (base 2) to base 5
413
What is 1 (base 4) in base 7?
1
Convert 51 (base 7) to base 2.
100100
What is -3 (base 10) in base 8?
-3
-166 (base 7) to base 11
-89
What is -23 (base 4) in base 13?
-b
-15 (base 11) to base 16
-10
What is 11 (base 2) in base 13?
3
3 (base 8) to base 7
3
Convert -300 (base 8) to base 4.
-3000
Convert aa (base 14) to base 5.
1100
-11a (base 13) to base 14
-da
What is 22 (base 6) in base 12?
12
10 (base 6) to base 9
6
Convert -4 (base 7) to base 4.
-10
What is -4 (base 5) in base 7?
-4
Convert 2 (base 12) to base 2.
10
Convert 2 (base 8) to base 11.
2
What is -2d (base 15) in base 12?
-37
Convert 1020 (base 4) to base 12.
60
Convert 164 (base 13) to base 12.
18b
Convert 10 (base 2) to base 4.
2
Convert -100 (base 3) to base 15.
-9
What is 211 (base 11) in base 14?
142
What is 12 (base 6) in base 2?
1000
2 (base 3) to base 16
2
7 (base 10) to base 15
7
-6 (base 12) to base 7
-6
What is 21 (base 4) in base 12?
9
What is -3 (base 4) in base 3?
-10
What is 22 (base 7) in base 8?
20
-4 (base 10) to base 11
-4
14 (base 6) to base 14
a
Convert -26 (base 16) to base 11.
-35
d5 (base 16) to base 3
21220
-1210 (base 4) to base 15
-6a
What is -34 (base 13) in base 14?
-31
Convert -133 (base 6) to base 5.
-212
17 (base 11) to base 6
30
0 (base 8) to base 12
0
Convert 2123 (base 4) to base 5.
1110
-2 (base 4) to base 8
-2
What is 2021 (base 4) in base 11?
115
What is 423 (base 5) in base 2?
1110001
What is 10 (base 11) in base 10?
11
What is 1 (base 8) in base 10?
1
Convert -98 (base 15) to base 7.
-263
Convert 18 (base 9) to base 15.
12
What is -346 (base 8) in base 2?
-11100110
Convert -255 (base 8) to base 14.
-c5
2 (base 7) to base 8
2
What is -12 (base 14) in base 8?
-20
6 (base 16) to base 11
6
Convert 1140 (base 6) to base 7.
543
19 (base 15) to base 7
33
Convert 45 (base 6) to base 14.
21
Convert 218 (base 10) to base 2.
11011010
-14 (base 6) to base 15
-a
-d (base 14) to base 9
-14
Convert -3 (base 4) to base 5.
-3
88 (base 9) to base 14
5a
2 (base 11) to base 13
2
What is 1d (base 16) in base 13?
23
What is -21 (base 10) in base 16?
-15
What is 32 (base 10) in base 11?
2a
4 (base 14) to base 10
4
Convert 3 (base 6) to base 15.
3
What is 11 (base 15) in base 9?
17
-a (base 11) to base 13
-a
Convert 5 (base 14) to base 12.
5
10 (base 3) to base 12
3
Convert 24 (base 5) to base 16.
e
What is 0 (base 7) in base 16?
0
What is -4 (base 16) in base 6?
-4
-b (base 13) to base 15
-b
-53 (base 7) to base 3
-1102
4 (base 12) to base 3
11
-34 (base 7) to base 5
-100
Convert 25 (base 11) to base 6.
43
Convert 2 (base 13) to base 12.
2
What is -1 (base 9) in base 13?
-1
3 (base 12) to base 4
3
-10 (base 7) to base 9
-7
Convert 56 (base 8) to base 12.
3a
What is -201 (base 5) in base 14?
-39
Convert 2 (base 12) to base 7.
2
-14 (base 6) to base 8
-12
Convert -2 (base 8) to base 5.
-2
Convert 1011100 (base 2) to base 4.
1130
What is -6 (base 15) in base 13?
-6
-3 (base 7) to base 13
-3
Convert -150 (base 10) to base 15.
-a0
Convert -16 (base 16) to base 8.
-26
5 (base 8) to base 9
5
What is 61 (base 15) in base 12?
77
0 (base 15) to base 9
0
-10 (base 5) to base 13
-5
What is 1a (base 12) in base 9?
24
4a (base 15) to base 11
64
Convert 4 (base 11) to base 4.
10
What is -12 (base 5) in base 3?
-21
What is -111 (base 4) in base 9?
-23
-3 (base 15) to base 13
-3
-60 (base 15) to base 14
-66
What is -11 (base 14) in base 5?
-30
Convert -10e (base 15) to base 4.
-3233
Convert 11 (base 11) to base 7.
15
What is -38 (base 9) in base 16?
-23
40 (base 16) to base 7
121
Convert 33 (base 15) to base 14.
36
Convert -1 (base 16) to base 13.
-1
What is 2 (base 7) in base 8?
2
Convert 0 (base 5) to base 3.
0
What is 4 (base 10) in base 14?
4
Convert -3 (base 9) to base 7.
-3
Convert 5 (base 14) to base 11.
5
What is 38 (base 13) in base 5?
142
What is -8 (base 13) in base 15?
-8
What is 2 (base 16) in base 15?
2
Convert -2 (base 14) to base 10.
-2
What is 43 (base 6) in base 9?
30
Convert 24 (base 5) to base 2.
1110
-6 (base 13) to base 7
-6
Convert 5 (base 6) to base 10.
5
Convert 35 (base 8) to base 14.
21
Convert 3a (base 11) to base 2.
101011
-32 (base 14) to base 12
-38
What is 2 (base 3) in base 8?
2
13 (base 12) to base 15
10
What is 4 (base 9) in base 16?
4
What is -1010101 (base 2) in base 7?
-151
What is 17 (base 11) in base 14?
14
What is 30 (base 6) in base 14?
14
10 (base 11)